by a?
10
Let m = -196 + 226. Calculate the remainder when 1259 is divided by m.
29
Let b = -102 + 154. Suppose -2*u = -6*u + b. What is the remainder when u is divided by 2?
1
Let x(v) be the first derivative of -2*v**2 + 28*v + 22. What is the remainder when x(6) is divided by 1?
0
Suppose 15*v + 23*v - 20368 = 0. Calculate the remainder when v is divided by 10.
6
Suppose 5*o - 2*k - 530 = 0, -2*o + 163 = k - 58. What is the remainder when o is divided by 13?
4
Let z(c) = -3*c + 62. Let s be -1*(-3 - 0) - 9. Let r = 17 + s. Calculate the remainder when z(10) is divided by r.
10
Let o be (0/4 - -42) + 1. Suppose 3*i = 2*f - o, 37 = 3*f - i + 2*i. Calculate the remainder when 40 is divided by f.
12
Let z = -113 - -161. Suppose 47*y = z*y - 7. Calculate the remainder when 18 is divided by y.
4
Let k(g) = -g**2 + 21*g + 70. What is the remainder when 213 is divided by k(19)?
105
Let d = -2069 - -2089. What is the remainder when 171 is divided by d?
11
What is the remainder when 106 is divided by -7 - (-4 - -175)/(-9)?
10
Let t(m) = m**2 + 18*m + 18. Suppose -3*z + 0*z + 207 = 0. Calculate the remainder when z is divided by t(-18).
15
Let r(m) = m**3 + 2*m**2 - m + 20. Let u be 0/31 - (0 + 0). What is the remainder when 99 is divided by r(u)?
19
Let s = -224 - -313. Calculate the remainder when s is divided by 13.
11
Suppose 0*n = -5*n + 20. Let r = n + -1. Suppose 0 = -2*s - 76 + 80. Calculate the remainder when r is divided by s.
1
Calculate the remainder when 7 + 54/(-9) + 189 is divided by 51.
37
Let z = -1113 - -1157. Calculate the remainder when 524 is divided by z.
40
Let d(k) = -2*k**2 + 74*k**3 + 11 - 73*k**3 + 0*k**2 + 0*k**2 - 13*k. Suppose l - 48 = -3*c + 4*l, -5*l = 25. What is the remainder when d(5) is divided by c?
10
Suppose 2*y + 52 = 3*b, -3*y - 30 = -5*b + 55. Suppose i - 8 = 2*o - 78, 5*i - 4*o + 368 = 0. Let f = i - -145. Calculate the remainder when f is divided by b.
13
Let o be (12/(-3 - 0) - -1) + -4. Suppose -2*i + 20 = -0*i. Calculate the remainder when (-54)/4*o/(56/16) is divided by i.
7
Let g = -118 - -114. Suppose -12 = i - 2*i. Let f = g + i. What is the remainder when f is divided by 2?
0
What is the remainder when 306 is divided by (-13584)/(-176) + (-2)/11?
75
Let y(r) = r**3 + 9*r**2 + 9*r + 25. Let x = -55 - -103. What is the remainder when x is divided by y(-8)?
14
Suppose -1058 = -50*n + 1292. Calculate the remainder when n is divided by 15.
2
Calculate the remainder when 1 + ((-44)/(-55))/(2/35) is divided by 11.
4
Suppose 36*u - 33*u - 246 = 0. Calculate the remainder when u is divided by 27.
1
Suppose 10 = 5*v - 15. Let d be (-4 + v)*(1 - 0). Calculate the remainder when 43 is divided by 1 + d + 126/9.
11
Let p(t) = t**3 - 12*t**2 + t - 30. Calculate the remainder when p(13) is divided by 56.
40
Let r(y) = -5*y**3 + 3*y**2 + 4*y + 2. Let i be r(-1). Suppose -i*l + 18 = -5*l. What is the remainder when -2*(141/(-6) + -1) is divided by l?
13
Let p = -13 + -12. Let n = -14 - p. What is the remainder when 2960/72 - (-2)/(-18) is divided by n?
8
Let h(a) = 15*a + 148. Calculate the remainder when 386 is divided by h(-7).
42
Calculate the remainder when 183 is divided by (58/(-4))/((-8)/16).
9
Calculate the remainder when 217*-15*(-4)/70 is divided by 48.
42
Let a(d) = d**3 - 9*d**2 + 9*d + 10. Calculate the remainder when a(9) is divided by 19.
15
Let y be 10 - -1 - (1 - 0). Let b(n) = n + 8. Let j be b(-3). Suppose -5*r - y = -j*m, m - r + 6*r = 26. Calculate the remainder when 9 is divided by m.
3
Suppose 0 = -2*v + 12 + 142. Suppose -2*q - 5*f - 15 = -5*q, 3*f = -2*q + 10. Suppose -v = -q*p + 28. What is the remainder when 60 is divided by p?
18
Let m = 24 - 8. Suppose 0*t = 2*t. Suppose t*h + 2*h = 126. Calculate the remainder when h is divided by m.
15
Let y be (2/5)/(2/5). Suppose -f = y - 0, -4*f - 480 = -4*b. What is the remainder when b is divided by 10?
9
Suppose -3*s - 137 + 521 = 0. Suppose -76 = 4*b - s. Calculate the remainder when 49 is divided by b.
10
Let i be 1986/4 - (-11)/(-22). Suppose i = 15*k + k. Calculate the remainder when 184 is divided by k.
29
Let o(y) = -27*y - 91. Calculate the remainder when o(-12) is divided by 22.
13
Suppose z + 2*z - 84 = 0. Let i = z - 22. What is the remainder when 22 is divided by i?
4
Suppose g = 3*p + 221, 4*p + 4*g + 290 = 3*g. Let c = p - -119. What is the remainder when 91 is divided by c?
45
Let n(x) = -x**3 + 5*x**2 + 4*x + 8. Let j be n(6). Let i be 6/(-12) - 2/j. Suppose i = -5*v - 32 + 142. Calculate the remainder when v is divided by 8.
6
Let o be 4 + (-56)/(-2) - 1. Let f = 57 - o. What is the remainder when f is divided by 11?
4
Let l(c) = -3*c**3 - 30*c**2 - 10*c - 21. Calculate the remainder when l(-11) is divided by 13.
10
Calculate the remainder when 28 is divided by 7 + 4 + 1 - 6.
4
Let c(t) = -2*t + 1. Let i = 359 - 326. What is the remainder when i is divided by c(-2)?
3
Let d = 62 - 32. Let i = d + -28. Suppose 21 = i*f - 3*k - 0*k, 0 = -4*f + 5*k + 47. Calculate the remainder when f is divided by 7.
4
Let q(h) be the first derivative of 3*h**4/4 - 5*h**3/3 + 3*h**2/2 + 3*h - 6. Let n(u) = -u**2 + 10*u + 10. What is the remainder when q(4) is divided by n(8)?
23
Let w be (1/(-2))/((-7)/1512). Let a = w + -49. Calculate the remainder when a is divided by 15.
14
Suppose -5*z + 209 = 3*j, 0 = -12*z + 10*z - 4*j + 78. Calculate the remainder when 121 is divided by z.
35
Let v be 165/(-2)*20/30. Let u = v - -61. What is the remainder when 7 is divided by u?
1
Let h = 120 - -8. Let g be (2 - 21/9)*0. Suppose 5*k - 62 - h = g. Calculate the remainder when k is divided by 13.
12
Let n = 50 + -48. Suppose -n - 62 = -4*u. Calculate the remainder when 95 is divided by u.
15
Let h = 133 - 132. Let v(x) = 3*x**2. Let u be v(-1). Calculate the remainder when 65 is divided by 14 + 9/u*h.
14
Suppose 0 = 2*k - 3 + 25. Let p(g) = -3*g - g**2 + 2*g - 2 + 2*g - 14*g. What is the remainder when 77 is divided by p(k)?
17
Let i(j) = -178*j + 753. What is the remainder when 940 is divided by i(4)?
38
Let h(x) = -x**3 + 34*x**2 + 390*x - 79. Calculate the remainder when 543 is divided by h(43).
43
What is the remainder when (((-6)/15)/2)/1*-745 is divided by 48?
5
Suppose 37*g + 627 = 16796. What is the remainder when g is divided by 8?
5
Suppose -1 = -o + 2*c - 5, -2*o + 5*c = 8. Calculate the remainder when (-21)/(-28) - 25/o is divided by 5.
2
Suppose -48276 = -96*l + 4524. What is the remainder when l is divided by 138?
136
Let s(u) = -2*u**2 - 29*u - 59. Let i(a) = 6*a - 7. Calculate the remainder when i(7) is divided by s(-11).
17
Let d(m) = -m + 6. What is the remainder when 220 is divided by d(-15)?
10
Let z be (10 - 11)/(2/(-10)). Let d(y) = -26 + 4*y - y**2 + 3*y + 20. Calculate the remainder when d(z) is divided by 1.
0
Suppose -17*r + 1 = -16*r. Calculate the remainder when 129 is divided by (-6 - 80/(-15))/(r/(-39)).
25
Let k(f) = -f**3 - 4*f**2 + 1. Calculate the remainder when 386 is divided by k(-5).
22
Suppose 4*u - 1 = -2*x + 7, 4*u = 4*x - 40. Suppose -96 = -x*p - 0. Let l(j) = -j**2 + 11*j + 5. What is the remainder when l(7) is divided by p?
9
Suppose -369*j + 24 = -366*j. What is the remainder when 50 is divided by j?
2
Let l(o) = o**2 - 9*o - 4. Let f be (-6)/2*(-19)/(-57). Calculate the remainder when l(-6) is divided by 155/7 - f/(-7).
20
Let u(c) = c**2 + 5*c - 19. What is the remainder when 60 is divided by u(-10)?
29
What is the remainder when 292 is divided by (-8)/2 - (-55 - 23)?
70
Let q(a) = 92*a - 163. Calculate the remainder when q(7) is divided by 11.
8
Let l be 4*4/(-24)*-18. Suppose 13*p = l*p + 62. What is the remainder when p is divided by 32?
30
Let a(s) = -14*s - 40. Let p be a(-18). Let v(m) = -3*m + 2. What is the remainder when v(-6) is divided by p/18 - 2/(-9)?
8
Let l(w) = 34*w + 1. Let v be l(1). Let c = v + -14. Suppose -33 = -u + c. What is the remainder when u is divided by 14?
12
Let r = 175 + -99. Let u(h) = -h**3 + 8*h**2 + 15*h - 30. Calculate the remainder when r is divided by u(9).
4
Suppose 11*k - 485 + 45 = 0. What is the remainder when 155 is divided by k?
35
Let g = -654 + 746. Calculate the remainder when g is divided by 16.
12
Let l(u) = u**2 + 28*u + 176. Let k(c) = -c**2 - 5*c + 6. Calculate 